{"id":442,"date":"2021-05-09T10:21:38","date_gmt":"2021-05-09T10:21:38","guid":{"rendered":"http:\/\/localhost\/wp-themes\/laborex\/?page_id=442"},"modified":"2025-07-29T10:09:32","modified_gmt":"2025-07-29T08:09:32","slug":"gallery-2","status":"publish","type":"page","link":"https:\/\/isracrodt.sn\/index.php\/research\/gallery-2\/","title":{"rendered":"Domaine d&#8217;intervention"},"content":{"rendered":"\t\t<div data-elementor-type=\"wp-page\" data-elementor-id=\"442\" class=\"elementor elementor-442\">\n\t\t\t\t\t\t<section class=\"elementor-section elementor-top-section elementor-element elementor-element-5fb9080 elementor-section-full_width elementor-section-height-default elementor-section-height-default\" data-id=\"5fb9080\" data-element_type=\"section\" data-e-type=\"section\">\n\t\t\t\t\t\t<div class=\"elementor-container elementor-column-gap-no\">\n\t\t\t\t\t<div class=\"elementor-column elementor-col-100 elementor-top-column elementor-element elementor-element-4d6b022\" data-id=\"4d6b022\" data-element_type=\"column\" data-e-type=\"column\">\n\t\t\t<div class=\"elementor-widget-wrap elementor-element-populated\">\n\t\t\t\t\t\t<div class=\"elementor-element elementor-element-0a7771e elementor-widget elementor-widget-laborex_gallery\" data-id=\"0a7771e\" data-element_type=\"widget\" data-e-type=\"widget\" data-widget_type=\"laborex_gallery.default\">\n\t\t\t\t<div class=\"elementor-widget-container\">\n\t\t\t\t\t        \r\n            <section class=\"gallery-page-section centred\">\r\n                <div class=\"outer-container\">\r\n                    <div class=\"sortable-masonry\">\r\n                        <div class=\"filters\">\r\n                            <ul class=\"filter-tabs filter-btns clearfix\">\r\n                                                                    <li class=\"filter active\" data-role=\"button\" data-filter=\".all\">Nos  services <\/li>\r\n                                                                    <li class=\"filter \" data-filter=\".p\u00eache\"  data-role=\"button\">P\u00eache<\/li>                                                                    <li class=\"filter \" data-filter=\".biodiversit\u00e9\"  data-role=\"button\">Biodiversit\u00e9<\/li>                                                                    <li class=\"filter \" data-filter=\".environnement\"  data-role=\"button\">Environnement<\/li>                                                                    <li class=\"filter \" data-filter=\".socio-economique\"  data-role=\"button\">Socio-Economique<\/li>                                                                    <li class=\"filter \" data-filter=\".aquaculture\"  data-role=\"button\">Aquaculture<\/li>                                                            <\/ul>\r\n                        <\/div>\r\n                        <div class=\"items-container row clearfix\">\r\n                                                            <div class=\"col-lg-3 col-md-6 col-sm-12 masonry-item small-column all p\u00eache_\nbiodiversit\u00e9\nenvironnement\nsocio-economique\naquaculture\">\r\n                                    <div class=\"project-block-one\">\r\n                                        <div class=\"inner-box\">\r\n                                            <figure class=\"image-box\">\r\n                                                <img fetchpriority=\"high\" decoding=\"async\" width=\"455\" height=\"455\" src=\"https:\/\/isracrodt.sn\/wp-content\/uploads\/2025\/05\/service-peche.png\" class=\"attachment-full size-full\" alt=\"\" srcset=\"https:\/\/isracrodt.sn\/wp-content\/uploads\/2025\/05\/service-peche.png 455w, https:\/\/isracrodt.sn\/wp-content\/uploads\/2025\/05\/service-peche-300x300.png 300w, https:\/\/isracrodt.sn\/wp-content\/uploads\/2025\/05\/service-peche-150x150.png 150w\" sizes=\"(max-width: 455px) 100vw, 455px\" \/>                                            <\/figure>\r\n                                            <div class=\"content-box\">\r\n                                                <div class=\"text\">\r\n                                                    <div class=\"view-btn\"><a href=\"https:\/\/isracrodt.sn\/wp-content\/uploads\/2025\/05\/service-peche.png\" class=\"lightbox-image\" data-fancybox=\"gallery\"><i aria-hidden=\"true\" class=\" icon-49\"><\/i><\/a><\/div>\r\n                                                    <h4><a href=\"#\"  >P\u00eache<\/a><\/h4>\r\n                                                    <p>Service<\/p>\r\n                                                <\/div>\r\n                                            <\/div>\r\n                                        <\/div>\r\n                                    <\/div>\r\n                                <\/div>\r\n                                                            <div class=\"col-lg-3 col-md-6 col-sm-12 masonry-item small-column all p\u00eache_\nbiodiversit\u00e9\nenvironnement\nsocio-economique\naquaculture\">\r\n                                    <div class=\"project-block-one\">\r\n                                        <div class=\"inner-box\">\r\n                                            <figure class=\"image-box\">\r\n                                                <img decoding=\"async\" width=\"455\" height=\"455\" src=\"https:\/\/isracrodt.sn\/wp-content\/uploads\/2025\/05\/sevice-biodiversite.png\" class=\"attachment-full size-full\" alt=\"\" srcset=\"https:\/\/isracrodt.sn\/wp-content\/uploads\/2025\/05\/sevice-biodiversite.png 455w, https:\/\/isracrodt.sn\/wp-content\/uploads\/2025\/05\/sevice-biodiversite-300x300.png 300w, https:\/\/isracrodt.sn\/wp-content\/uploads\/2025\/05\/sevice-biodiversite-150x150.png 150w\" sizes=\"(max-width: 455px) 100vw, 455px\" \/>                                            <\/figure>\r\n                                            <div class=\"content-box\">\r\n                                                <div class=\"text\">\r\n                                                    <div class=\"view-btn\"><a href=\"https:\/\/isracrodt.sn\/wp-content\/uploads\/2025\/05\/sevice-biodiversite.png\" class=\"lightbox-image\" data-fancybox=\"gallery\"><i aria-hidden=\"true\" class=\" icon-49\"><\/i><\/a><\/div>\r\n                                                    <h4><a href=\"#\"  >Biodiversit\u00e9<\/a><\/h4>\r\n                                                    <p>Service<\/p>\r\n                                                <\/div>\r\n                                            <\/div>\r\n                                        <\/div>\r\n                                    <\/div>\r\n                                <\/div>\r\n                                                            <div class=\"col-lg-3 col-md-6 col-sm-12 masonry-item small-column all p\u00eache\nbiodiversit\u00e9\nenvironnement\nsocio-economique\naquaculture\">\r\n                                    <div class=\"project-block-one\">\r\n                                        <div class=\"inner-box\">\r\n                                            <figure class=\"image-box\">\r\n                                                <img decoding=\"async\" width=\"455\" height=\"455\" src=\"https:\/\/isracrodt.sn\/wp-content\/uploads\/2025\/05\/service-environ.png\" class=\"attachment-full size-full\" alt=\"\" srcset=\"https:\/\/isracrodt.sn\/wp-content\/uploads\/2025\/05\/service-environ.png 455w, https:\/\/isracrodt.sn\/wp-content\/uploads\/2025\/05\/service-environ-300x300.png 300w, https:\/\/isracrodt.sn\/wp-content\/uploads\/2025\/05\/service-environ-150x150.png 150w\" sizes=\"(max-width: 455px) 100vw, 455px\" \/>                                            <\/figure>\r\n                                            <div class=\"content-box\">\r\n                                                <div class=\"text\">\r\n                                                    <div class=\"view-btn\"><a href=\"https:\/\/isracrodt.sn\/wp-content\/uploads\/2025\/05\/service-environ.png\" class=\"lightbox-image\" data-fancybox=\"gallery\"><i aria-hidden=\"true\" class=\" icon-49\"><\/i><\/a><\/div>\r\n                                                    <h4><a href=\"#\"  >Environnement<\/a><\/h4>\r\n                                                    <p>Service<\/p>\r\n                                                <\/div>\r\n                                            <\/div>\r\n                                        <\/div>\r\n                                    <\/div>\r\n                                <\/div>\r\n                                                            <div class=\"col-lg-3 col-md-6 col-sm-12 masonry-item small-column all p\u00eache\nbiodiversit\u00e9\nenvironnement\nsocio-economique\naquaculture\">\r\n                                    <div class=\"project-block-one\">\r\n                                        <div class=\"inner-box\">\r\n                                            <figure class=\"image-box\">\r\n                                                <img loading=\"lazy\" decoding=\"async\" width=\"455\" height=\"455\" src=\"https:\/\/isracrodt.sn\/wp-content\/uploads\/2025\/05\/service-socioeco.png\" class=\"attachment-full size-full\" alt=\"\" srcset=\"https:\/\/isracrodt.sn\/wp-content\/uploads\/2025\/05\/service-socioeco.png 455w, https:\/\/isracrodt.sn\/wp-content\/uploads\/2025\/05\/service-socioeco-300x300.png 300w, https:\/\/isracrodt.sn\/wp-content\/uploads\/2025\/05\/service-socioeco-150x150.png 150w\" sizes=\"(max-width: 455px) 100vw, 455px\" \/>                                            <\/figure>\r\n                                            <div class=\"content-box\">\r\n                                                <div class=\"text\">\r\n                                                    <div class=\"view-btn\"><a href=\"https:\/\/isracrodt.sn\/wp-content\/uploads\/2025\/05\/service-socioeco.png\" class=\"lightbox-image\" data-fancybox=\"gallery\"><i aria-hidden=\"true\" class=\" icon-49\"><\/i><\/a><\/div>\r\n                                                    <h4><a href=\"#\"  >Socio \u00e9conomique<\/a><\/h4>\r\n                                                    <p>service<\/p>\r\n                                                <\/div>\r\n                                            <\/div>\r\n                                        <\/div>\r\n                                    <\/div>\r\n                                <\/div>\r\n                                                            <div class=\"col-lg-3 col-md-6 col-sm-12 masonry-item small-column all p\u00eache\nbiodiversit\u00e9\nenvironnement\nsocio-economique\naquaculture\">\r\n                                    <div class=\"project-block-one\">\r\n                                        <div class=\"inner-box\">\r\n                                            <figure class=\"image-box\">\r\n                                                <img loading=\"lazy\" decoding=\"async\" width=\"455\" height=\"455\" src=\"https:\/\/isracrodt.sn\/wp-content\/uploads\/2025\/05\/service-aqua.png\" class=\"attachment-full size-full\" alt=\"\" srcset=\"https:\/\/isracrodt.sn\/wp-content\/uploads\/2025\/05\/service-aqua.png 455w, https:\/\/isracrodt.sn\/wp-content\/uploads\/2025\/05\/service-aqua-300x300.png 300w, https:\/\/isracrodt.sn\/wp-content\/uploads\/2025\/05\/service-aqua-150x150.png 150w\" sizes=\"(max-width: 455px) 100vw, 455px\" \/>                                            <\/figure>\r\n                                            <div class=\"content-box\">\r\n                                                <div class=\"text\">\r\n                                                    <div class=\"view-btn\"><a href=\"https:\/\/isracrodt.sn\/wp-content\/uploads\/2025\/05\/service-aqua.png\" class=\"lightbox-image\" data-fancybox=\"gallery\"><i aria-hidden=\"true\" class=\" icon-49\"><\/i><\/a><\/div>\r\n                                                    <h4><a href=\"#\"  >Aquaculture<\/a><\/h4>\r\n                                                    <p>Service<\/p>\r\n                                                <\/div>\r\n                                            <\/div>\r\n                                        <\/div>\r\n                                    <\/div>\r\n                                <\/div>\r\n                                                    <\/div>\r\n                        <div class=\"more-btn\">\r\n                            \r\n                        <\/div>\r\n                    <\/div>\r\n                <\/div>\r\n            <\/section>\r\n            <!-- gallery-page-section end -->\r\n    \t\t\t\t<\/div>\n\t\t\t\t<\/div>\n\t\t\t\t\t<\/div>\n\t\t<\/div>\n\t\t\t\t\t<\/div>\n\t\t<\/section>\n\t\t\t\t<section class=\"elementor-section elementor-top-section elementor-element elementor-element-072aeba elementor-section-full_width elementor-section-height-default elementor-section-height-default\" data-id=\"072aeba\" data-element_type=\"section\" data-e-type=\"section\">\n\t\t\t\t\t\t<div class=\"elementor-container elementor-column-gap-no\">\n\t\t\t\t\t<div class=\"elementor-column elementor-col-100 elementor-top-column elementor-element elementor-element-a51823b\" data-id=\"a51823b\" data-element_type=\"column\" data-e-type=\"column\">\n\t\t\t<div class=\"elementor-widget-wrap elementor-element-populated\">\n\t\t\t\t\t\t<div class=\"elementor-element elementor-element-746b22d elementor-widget elementor-widget-laborex_cta\" data-id=\"746b22d\" data-element_type=\"widget\" data-e-type=\"widget\" data-widget_type=\"laborex_cta.default\">\n\t\t\t\t<div class=\"elementor-widget-container\">\n\t\t\t\t\t\t\t\t\t\t<!-- cta-style-two -->\r\n\t\t\t<section class=\"cta-style-two bg-color-4\">\r\n\t\t\t\t<div class=\"pattern-layer\">\r\n\t\t\t\t\t<div class=\"pattern-1\" style=\"background-image: url(https:\/\/isracrodt.sn\/wp-content\/uploads\/2021\/05\/shape-61.png);\"><\/div>\r\n\t\t\t\t\t<div class=\"pattern-2\" style=\"background-image: url(https:\/\/isracrodt.sn\/wp-content\/uploads\/2021\/05\/shape-62.png);\"><\/div>\r\n\t\t\t\t<\/div>\r\n\t\t\t\t<div class=\"auto-container\">\r\n\t\t\t\t\t<div class=\"inner-box clearfix\">\r\n\t\t\t\t\t\t<div class=\"text pull-left\">\r\n\t\t\t\t\t\t\t<h2>Accurate Product Testing <br \/>by Expert Scientists<\/h2>\r\n\t\t\t\t\t\t<\/div>\r\n\t\t\t\t\t\t<div class=\"btn-box pull-right\">\r\n\t\t\t\t\t\t\t<a href=\"https:\/\/isracrodt.sn\/ontact\/\"   class=\"theme-btn-one\">Book Free Sampling Here<\/a>\r\n\t\t\t\t\t\t<\/div>\r\n\t\t\t\t\t<\/div>\r\n\t\t\t\t<\/div>\r\n\t\t\t<\/section>\r\n\t\t\t<!-- cta-style-two end -->\r\n\r\n\t\t\t\t\t\t<\/div>\n\t\t\t\t<\/div>\n\t\t\t\t\t<\/div>\n\t\t<\/div>\n\t\t\t\t\t<\/div>\n\t\t<\/section>\n\t\t\t\t<\/div>\n\t\t","protected":false},"excerpt":{"rendered":"<p>Nos services P\u00eache Biodiversit\u00e9 Environnement Socio-Economique Aquaculture &nbsp; P\u00eache Service &nbsp; Biodiversit\u00e9 Service &nbsp; Environnement Service &nbsp; Socio \u00e9conomique service &nbsp; Aquaculture Service Accurate Product Testing by Expert Scientists Book [&hellip;]<\/p>\n","protected":false},"author":1,"featured_media":13,"parent":229,"menu_order":0,"comment_status":"closed","ping_status":"closed","template":"elementor_header_footer","meta":{"om_disable_all_campaigns":false,"_monsterinsights_skip_tracking":false,"_monsterinsights_sitenote_active":false,"_monsterinsights_sitenote_note":"","_monsterinsights_sitenote_category":0,"footnotes":""},"class_list":["post-442","page","type-page","status-publish","has-post-thumbnail","hentry"],"aioseo_notices":[],"_links":{"self":[{"href":"https:\/\/isracrodt.sn\/index.php\/wp-json\/wp\/v2\/pages\/442","targetHints":{"allow":["GET"]}}],"collection":[{"href":"https:\/\/isracrodt.sn\/index.php\/wp-json\/wp\/v2\/pages"}],"about":[{"href":"https:\/\/isracrodt.sn\/index.php\/wp-json\/wp\/v2\/types\/page"}],"author":[{"embeddable":true,"href":"https:\/\/isracrodt.sn\/index.php\/wp-json\/wp\/v2\/users\/1"}],"replies":[{"embeddable":true,"href":"https:\/\/isracrodt.sn\/index.php\/wp-json\/wp\/v2\/comments?post=442"}],"version-history":[{"count":7,"href":"https:\/\/isracrodt.sn\/index.php\/wp-json\/wp\/v2\/pages\/442\/revisions"}],"predecessor-version":[{"id":4264,"href":"https:\/\/isracrodt.sn\/index.php\/wp-json\/wp\/v2\/pages\/442\/revisions\/4264"}],"up":[{"embeddable":true,"href":"https:\/\/isracrodt.sn\/index.php\/wp-json\/wp\/v2\/pages\/229"}],"wp:featuredmedia":[{"embeddable":true,"href":"https:\/\/isracrodt.sn\/index.php\/wp-json\/wp\/v2\/media\/13"}],"wp:attachment":[{"href":"https:\/\/isracrodt.sn\/index.php\/wp-json\/wp\/v2\/media?parent=442"}],"curies":[{"name":"wp","href":"https:\/\/api.w.org\/{rel}","templated":true}]}}