{"id":3686,"date":"2025-06-02T11:24:59","date_gmt":"2025-06-02T09:24:59","guid":{"rendered":"https:\/\/isracrodt.sn\/?page_id=3686"},"modified":"2025-10-15T14:12:57","modified_gmt":"2025-10-15T12:12:57","slug":"socio-economie","status":"publish","type":"page","link":"https:\/\/isracrodt.sn\/index.php\/research\/gallery-2\/socio-economie\/","title":{"rendered":"Socio \u00c9conomie"},"content":{"rendered":"<p><strong><span style=\"color: #000000;\">\u00c9valuation des co\u00fbts d\u2019investissement et des charges d\u2019exploitation des :<\/span><\/strong><\/p>\n<figure id=\"attachment_4339\" aria-describedby=\"caption-attachment-4339\" style=\"width: 464px\" class=\"wp-caption alignright\"><img fetchpriority=\"high\" decoding=\"async\" class=\"wp-image-4339\" style=\"color: #000000;\" src=\"https:\/\/isracrodt.sn\/wp-content\/uploads\/2025\/08\/1-300x135.jpg\" alt=\"\" width=\"464\" height=\"209\" srcset=\"https:\/\/isracrodt.sn\/wp-content\/uploads\/2025\/08\/1-300x135.jpg 300w, https:\/\/isracrodt.sn\/wp-content\/uploads\/2025\/08\/1.jpg 524w\" sizes=\"(max-width: 464px) 100vw, 464px\" \/><figcaption id=\"caption-attachment-4339\" class=\"wp-caption-text\">Mission sur les filets de p\u00eache<\/figcaption><\/figure>\n<ul>\n<li style=\"text-align: justify;\"><span style=\"color: #000000;\">unit\u00e9s de p\u00eache (artisans et industriels),<\/span><\/li>\n<li style=\"text-align: justify;\"><span style=\"color: #000000;\">unit\u00e9s de mareyage (rotations, logistique, frais fixes et variables),<\/span><\/li>\n<li style=\"text-align: justify;\"><span style=\"color: #000000;\">unit\u00e9s de transformation artisanale (op\u00e9rations).<\/span><\/li>\n<li style=\"text-align: justify;\"><span style=\"color: #000000;\"><em>Estimation des revenus nets des p\u00eacheurs, mareyeurs et transformateurs.<\/em><\/span><\/li>\n<li style=\"text-align: justify;\"><span style=\"color: #000000;\"><em>D\u00e9termination de la port\u00e9e des prix au d\u00e9barquement et variation selon les esp\u00e8ces, heures, saisons et sites.<\/em><\/span><\/li>\n<\/ul>\n<p style=\"text-align: justify;\"><strong><span style=\"color: #000000;\">Calcul d\u2019indicateurs \u00e9conomiques cl\u00e9s :<\/span><\/strong><\/p>\n<ul>\n<li style=\"text-align: justify;\"><span style=\"color: #000000;\">Taux de rentabilit\u00e9,<\/span><\/li>\n<li style=\"text-align: justify;\"><span style=\"color: #000000;\">\u00a0D\u00e9lai de r\u00e9cup\u00e9ration du capital,<\/span><\/li>\n<\/ul>\n<p style=\"text-align: justify;\"><strong><span style=\"color: #000000;\">Analyse compl\u00e8te de la cha\u00eene de valeur\u00a0<\/span><span style=\"color: #000000;\">de la capture \u00e0 la consommation ou \u00e0 l\u2019export:<\/span><\/strong><\/p>\n<ul>\n<li style=\"text-align: justify;\"><span style=\"color: #000000;\">Identification des circuits de commercialisation internes et externes.<\/span><\/li>\n<\/ul>\n<p style=\"text-align: justify;\"><img decoding=\"async\" class=\" wp-image-4343 alignright\" style=\"color: #000000;\" src=\"https:\/\/isracrodt.sn\/wp-content\/uploads\/2025\/08\/6.jpg\" alt=\"\" width=\"526\" height=\"252\" \/><\/p>\n<ul>\n<li style=\"text-align: justify;\"><span style=\"color: #000000;\">\u00c9tudes sur la valorisation des produits halieutiques (frais, fum\u00e9s, s\u00e9ch\u00e9s, transform\u00e9s, etc.).<\/span><\/li>\n<li style=\"text-align: justify;\"><span style=\"color: #000000;\">Appui \u00e0 l\u2019am\u00e9lioration des pratiques de transformation artisanale et \u00e0 l\u2019innovation.<\/span><\/li>\n<\/ul>\n<p style=\"text-align: justify;\"><span style=\"color: #000000;\"><strong>Estimation :<\/strong><\/span><\/p>\n<ul>\n<li style=\"text-align: justify;\"><span style=\"color: #000000;\">\u00a0des emplois directs (p\u00eacheurs, mareyeurs, transformatrices),<\/span><\/li>\n<li style=\"text-align: justify;\"><span style=\"color: #000000;\">\u00a0des emplois connexes (transport, logistique),<\/span><\/li>\n<li style=\"text-align: justify;\"><span style=\"color: #000000;\">\u00a0des emplois p\u00e9riph\u00e9riques (services, commerce, maintenance).<\/span><\/li>\n<li style=\"text-align: justify;\"><span style=\"color: #000000;\">Estimation de la valeur ajout\u00e9e sectorielle, de la consommation per capita, des recettes fiscales et non fiscales.<\/span><\/li>\n<li style=\"text-align: justify;\"><span style=\"color: #000000;\">\u00c9valuation des contreparties financi\u00e8res issues des redevances tir\u00e9es des accords de p\u00eache, licences, permis et leur impact sur les finances publiques.<\/span><\/li>\n<li style=\"text-align: justify;\"><span style=\"color: #000000;\">\u00c9tude de la contribution du secteur des p\u00eaches \u00e0 la balance commerciale.<\/span><\/li>\n<li><span style=\"color: #000000;\">\u00c9tudes sur la vuln\u00e9rabilit\u00e9 socio-\u00e9conomique des m\u00e9nages de p\u00eache.<img decoding=\"async\" class=\"alignright wp-image-4348\" src=\"https:\/\/isracrodt.sn\/wp-content\/uploads\/2025\/08\/11-232x300.jpg\" alt=\"\" width=\"351\" height=\"454\" srcset=\"https:\/\/isracrodt.sn\/wp-content\/uploads\/2025\/08\/11-232x300.jpg 232w, https:\/\/isracrodt.sn\/wp-content\/uploads\/2025\/08\/11.jpg 507w\" sizes=\"(max-width: 351px) 100vw, 351px\" \/><\/span><\/li>\n<\/ul>\n<p><strong><span style=\"color: #000000;\">Suivi des effets sociaux des mesures de gestion :<\/span><\/strong><\/p>\n<ul>\n<li><span style=\"color: #000000;\">\u00a0Aires marines prot\u00e9g\u00e9es (AMP),<\/span><\/li>\n<li><span style=\"color: #000000;\">\u00a0Repos biologique,<\/span><\/li>\n<li><span style=\"color: #000000;\">\u00a0 Syst\u00e8mes de quotas ou licences,<\/span><\/li>\n<li><span style=\"color: #000000;\">\u00a0 Interdiction de la p\u00eache nocturne.<\/span><\/li>\n<\/ul>\n<p><strong><span style=\"color: #000000;\">Analyse de l\u2019\u00e9quit\u00e9 d\u2019acc\u00e8s \u00e0 la ressource :<\/span><\/strong><\/p>\n<ul>\n<li><span style=\"color: #000000;\">P\u00eacheurs artisanaux vs industriels,<\/span><\/li>\n<li><span style=\"color: #000000;\">P\u00eacheurs s\u00e9dentaires vs migrants,<\/span><\/li>\n<li><span style=\"color: #000000;\">\u00c9tudes sur les conflits d\u2019usage : cohabitation, pressions concurrentielles, r\u00e9gulation.<\/span><\/li>\n<li><span style=\"color: #000000;\">\u00c9valuation de la participation des acteurs (CLPA, UPP, OP) \u00e0 la cogestion.<\/span><\/li>\n<li><span style=\"color: #000000;\">Contribution aux plans d\u2019am\u00e9nagement des p\u00eacheries via des donn\u00e9es \u00e9conomiques et sociales.<\/span><\/li>\n<li><span style=\"color: #000000;\">\u00c9valuation de l\u2019\u00e9tat des infrastructures de p\u00eache : quais, ports, complexes frigorifiques, sites de transformation.<\/span><\/li>\n<li><span style=\"color: #000000;\">Campagne nationale de recensement du parc piroguier.<\/span><\/li>\n<li><span style=\"color: #000000;\">Appui aux d\u00e9cideurs nationaux (MPIMP) et participation aux consultations r\u00e9gionales (CSRP, PRCM, FAO) sur les enjeux sociaux et \u00e9conomiques des politiques halieutiques.<\/span><\/li>\n<\/ul>\n","protected":false},"excerpt":{"rendered":"<p>\u00c9valuation des co\u00fbts d\u2019investissement et des charges d\u2019exploitation des : unit\u00e9s de p\u00eache (artisans et industriels), unit\u00e9s de mareyage (rotations, logistique, frais fixes et variables), unit\u00e9s de transformation artisanale (op\u00e9rations). [&hellip;]<\/p>\n","protected":false},"author":1,"featured_media":0,"parent":442,"menu_order":0,"comment_status":"closed","ping_status":"closed","template":"","meta":{"om_disable_all_campaigns":false,"_monsterinsights_skip_tracking":false,"_monsterinsights_sitenote_active":false,"_monsterinsights_sitenote_note":"","_monsterinsights_sitenote_category":0,"footnotes":""},"class_list":["post-3686","page","type-page","status-publish","hentry"],"aioseo_notices":[],"_links":{"self":[{"href":"https:\/\/isracrodt.sn\/index.php\/wp-json\/wp\/v2\/pages\/3686","targetHints":{"allow":["GET"]}}],"collection":[{"href":"https:\/\/isracrodt.sn\/index.php\/wp-json\/wp\/v2\/pages"}],"about":[{"href":"https:\/\/isracrodt.sn\/index.php\/wp-json\/wp\/v2\/types\/page"}],"author":[{"embeddable":true,"href":"https:\/\/isracrodt.sn\/index.php\/wp-json\/wp\/v2\/users\/1"}],"replies":[{"embeddable":true,"href":"https:\/\/isracrodt.sn\/index.php\/wp-json\/wp\/v2\/comments?post=3686"}],"version-history":[{"count":11,"href":"https:\/\/isracrodt.sn\/index.php\/wp-json\/wp\/v2\/pages\/3686\/revisions"}],"predecessor-version":[{"id":4662,"href":"https:\/\/isracrodt.sn\/index.php\/wp-json\/wp\/v2\/pages\/3686\/revisions\/4662"}],"up":[{"embeddable":true,"href":"https:\/\/isracrodt.sn\/index.php\/wp-json\/wp\/v2\/pages\/442"}],"wp:attachment":[{"href":"https:\/\/isracrodt.sn\/index.php\/wp-json\/wp\/v2\/media?parent=3686"}],"curies":[{"name":"wp","href":"https:\/\/api.w.org\/{rel}","templated":true}]}}