{"id":3650,"date":"2025-05-26T14:52:26","date_gmt":"2025-05-26T12:52:26","guid":{"rendered":"https:\/\/isracrodt.sn\/?page_id=3650"},"modified":"2025-09-16T11:20:12","modified_gmt":"2025-09-16T09:20:12","slug":"programmes","status":"publish","type":"page","link":"https:\/\/isracrodt.sn\/index.php\/programmes\/","title":{"rendered":"Programmes et Activit\u00e9s"},"content":{"rendered":"<h2><em><span style=\"font-size: 18pt; color: #000000;\">Le CRODT dispose de deux\u00a0 Programmes de recherche :<\/span><\/em><\/h2>\n<p>&nbsp;<\/p>\n<h2><span style=\"color: #000000;\"><em><strong><span style=\"text-decoration: underline;\">Programme 1<\/span>:\u00a0 \u00a0 Gestion Durable des Ecosyst\u00e8mes et des Ressources (GEDER) avec trois (3) \u00a0th\u00e9matiques<\/strong><\/em><\/span><\/h2>\n<p>&nbsp;<\/p>\n<h4><span style=\"color: #000000;\"><strong><em>Th\u00e8me 1: Pr\u00e9servation des \u00e9cosyst\u00e8mes marins et restauration des habitats critiques ;<img decoding=\"async\" class=\"alignnone size-medium wp-image-3369\" src=\"https:\/\/isracrodt.sn\/wp-content\/uploads\/2025\/05\/CRODT-Bateau.jpg\" alt=\"\" width=\"1\" height=\"1\" \/><span style=\"font-weight: 400; font-size: 14pt;\"><span style=\"font-size: 14pt;\"><span style=\"font-weight: 400;\"><img fetchpriority=\"high\" decoding=\"async\" class=\" wp-image-3963 alignright\" src=\"https:\/\/isracrodt.sn\/wp-content\/uploads\/2025\/06\/tableau-poisson-300x167.jpg\" alt=\"\" width=\"384\" height=\"213\" srcset=\"https:\/\/isracrodt.sn\/wp-content\/uploads\/2025\/06\/tableau-poisson-300x167.jpg 300w, https:\/\/isracrodt.sn\/wp-content\/uploads\/2025\/06\/tableau-poisson-1024x569.jpg 1024w, https:\/\/isracrodt.sn\/wp-content\/uploads\/2025\/06\/tableau-poisson-768x427.jpg 768w, https:\/\/isracrodt.sn\/wp-content\/uploads\/2025\/06\/tableau-poisson.jpg 1078w\" sizes=\"(max-width: 384px) 100vw, 384px\" \/><\/span><\/span><\/span><\/em><\/strong><\/span><\/h4>\n<p><span style=\"font-weight: 400; font-size: 14pt; color: #000000;\"><span style=\"font-weight: 400; font-size: 14pt; color: #000000;\">\u00a0* Etude biologique pour \u00e9tat de r\u00e9f\u00e9rence, dans le cadre d\u2019un projet d\u2019installation d\u2019une sonde acoustique<\/span><\/span><\/p>\n<h4 style=\"text-align: justify;\"><span style=\"color: #000000;\"><b><i><img decoding=\"async\" class=\" wp-image-4412 alignleft\" src=\"https:\/\/isracrodt.sn\/wp-content\/uploads\/2025\/08\/65792122-46874164-300x184.jpg\" alt=\"\" width=\"319\" height=\"196\" srcset=\"https:\/\/isracrodt.sn\/wp-content\/uploads\/2025\/08\/65792122-46874164-300x184.jpg 300w, https:\/\/isracrodt.sn\/wp-content\/uploads\/2025\/08\/65792122-46874164-370x227.jpg 370w, https:\/\/isracrodt.sn\/wp-content\/uploads\/2025\/08\/65792122-46874164.jpg 614w\" sizes=\"(max-width: 319px) 100vw, 319px\" \/><\/i><\/b><\/span><span style=\"font-weight: 400; font-size: 14pt; color: #000000;\"><span style=\"font-weight: 400; font-size: 14pt; color: #000000;\">* Int\u00e9gration de la nouvelle g\u00e9n\u00e9ration de mod\u00e8les globaux climatiques dans l\u2019\u00e9tude des \u00e9cosyst\u00e8mes marins\u00a0 \u00a0 \u00a0 \u00a0 \u00a0 \u00a0 \u00a0<\/span><\/span><span style=\"font-weight: 400; font-size: 14pt; color: #000000;\"><span style=\"font-weight: 400; font-size: 14pt; color: #000000;\">ouest- <\/span><\/span><span style=\"font-weight: 400; font-size: 14pt; color: #000000;\"><span style=\"font-weight: 400; font-size: 14pt; color: #000000;\">africains : le cas du S\u00e9n\u00e9gal et ses\u00a0<\/span><\/span><span style=\"font-weight: 400; font-size: 14pt; color: #000000;\">\u00a0p\u00eacheries dans un contexte de changement climatique.<\/span><\/h4>\n<h4 style=\"text-align: justify;\"><span style=\"font-size: 14pt; color: #000000;\"><span style=\"font-weight: 400;\">* R\u00e9silience et productivit\u00e9 du secteur des p\u00eaches et de l\u2019aquaculture<\/span><\/span><\/h4>\n<p style=\"text-align: justify;\"><span style=\"font-size: 14pt; color: #000000;\"><span style=\"font-weight: 400;\">* Suivi Bio-\u00e9cologique des Esp\u00e8ces Halieutiques Prioritaires\u00a0<\/span><\/span><\/p>\n<p style=\"text-align: justify;\"><span style=\"font-size: 14pt; color: #000000;\"><span style=\"font-weight: 400;\">* Syst\u00e8me d&#8217;Information de la P\u00eache Artisanale (SIPA)<\/span><\/span><\/p>\n<p style=\"text-align: justify;\"><span style=\"font-size: 14pt; color: #000000;\"><span style=\"font-weight: 400;\">\u00a0 \u00a0 \u00a0 \u00a0 \u00a0 \u00a0 \u00a0 \u00a0 \u00a0 \u00a0 \u00a0 \u00a0 \u00a0 \u00a0 \u00a0 \u00a0 \u00a0 \u00a0 \u00a0 \u00a0 \u00a0 \u00a0 \u00a0 \u00a0 \u00a0 \u00a0 \u00a0 \u00a0 \u00a0 \u00a0 \u00a0 \u00a0 \u00a0 \u00a0 \u00a0 \u00a0 * Evaluation des ressources halieutiques au S\u00e9n\u00e9gal ;<\/span><\/span><\/p>\n<p style=\"text-align: justify;\"><span style=\"color: #000000;\"><span style=\"color: #000000;\"><span style=\"font-size: 14pt;\"><span style=\"font-weight: 400;\">\u00a0 \u00a0 \u00a0 \u00a0 \u00a0 \u00a0 \u00a0 \u00a0 \u00a0 \u00a0 \u00a0 \u00a0 \u00a0 \u00a0 \u00a0 \u00a0 \u00a0 \u00a0 \u00a0 \u00a0 \u00a0 \u00a0 \u00a0 \u00a0 \u00a0 \u00a0 \u00a0 \u00a0 \u00a0 \u00a0 \u00a0 \u00a0 \u00a0 \u00a0 \u00a0 \u00a0 * Etat de la situation oc\u00e9anographique et environnementale marine et c\u00f4ti\u00e8re ;<\/span><\/span><\/span><\/span><\/p>\n<h4><span style=\"color: #000000;\"><span style=\"font-weight: 400;\"><span style=\"font-size: 14pt;\"><img loading=\"lazy\" decoding=\"async\" class=\" wp-image-4038 alignright\" src=\"https:\/\/isracrodt.sn\/wp-content\/uploads\/2025\/07\/26dd3bf2-gp0477p_medium_res-300x200.jpg\" alt=\"\" width=\"386\" height=\"257\" srcset=\"https:\/\/isracrodt.sn\/wp-content\/uploads\/2025\/07\/26dd3bf2-gp0477p_medium_res-300x200.jpg 300w, https:\/\/isracrodt.sn\/wp-content\/uploads\/2025\/07\/26dd3bf2-gp0477p_medium_res-1024x681.jpg 1024w, https:\/\/isracrodt.sn\/wp-content\/uploads\/2025\/07\/26dd3bf2-gp0477p_medium_res-768x511.jpg 768w, https:\/\/isracrodt.sn\/wp-content\/uploads\/2025\/07\/26dd3bf2-gp0477p_medium_res.jpg 1200w\" sizes=\"(max-width: 386px) 100vw, 386px\" \/><\/span><\/span><\/span><\/h4>\n<h4 style=\"text-align: left;\"><span style=\"color: #000000;\"><b><i>Th\u00e8me 2 : Acc\u00e8s aux ressources halieutiques et cogestion ;<\/i><\/b><\/span><\/h4>\n<h4><span style=\"color: #000000;\"><b><i>Th\u00e8me 3: Elaboration et mise en \u0153uvre de plans d\u2019am\u00e9nagement<\/i><\/b><span style=\"font-weight: 400;\">.<\/span><\/span><\/h4>\n<p>&nbsp;<\/p>\n<h2><span style=\"color: #000000;\"><em><strong><span style=\"text-decoration: underline;\">Programme 2<\/span>:\u00a0 \u00a0 \u00a0Dynamique des Syst\u00e8mes d\u2019Exploitation (DSE)<\/strong><\/em><\/span><\/h2>\n<p>&nbsp;<\/p>\n<p><span style=\"font-weight: 400; font-size: 14pt; color: #000000;\">Le programme comprend \u00e9galement trois (3) trois th\u00e8mes majeurs:<\/span><\/p>\n<h4><span style=\"color: #000000;\"><strong><i>Th\u00e8me 1: Tactiques et strat\u00e9gies des acteurs<\/i><\/strong><\/span><\/h4>\n<p><span style=\"font-weight: 400; font-size: 14pt; color: #000000;\">*Actualisation des indicateurs socio\u00e9conomiques des unit\u00e9s et des acteurs concern\u00e9s par les p\u00eacheries sous plan d\u2019am\u00e9nagement<\/span><\/p>\n<p>&nbsp;<\/p>\n<p><span style=\"color: #000000;\"><img loading=\"lazy\" decoding=\"async\" class=\"wp-image-3497 alignleft\" src=\"https:\/\/isracrodt.sn\/wp-content\/uploads\/2025\/05\/istockphoto-1776188944-2048x2048-1-300x200.jpg\" alt=\"\" width=\"329\" height=\"220\" srcset=\"https:\/\/isracrodt.sn\/wp-content\/uploads\/2025\/05\/istockphoto-1776188944-2048x2048-1-300x200.jpg 300w, https:\/\/isracrodt.sn\/wp-content\/uploads\/2025\/05\/istockphoto-1776188944-2048x2048-1-1024x683.jpg 1024w, https:\/\/isracrodt.sn\/wp-content\/uploads\/2025\/05\/istockphoto-1776188944-2048x2048-1-768x512.jpg 768w, https:\/\/isracrodt.sn\/wp-content\/uploads\/2025\/05\/istockphoto-1776188944-2048x2048-1-1536x1025.jpg 1536w, https:\/\/isracrodt.sn\/wp-content\/uploads\/2025\/05\/istockphoto-1776188944-2048x2048-1.jpg 2048w\" sizes=\"(max-width: 329px) 100vw, 329px\" \/><\/span><\/p>\n<h4 style=\"text-align: justify;\"><span style=\"color: #000000;\"><b><i>Th\u00e8me 2: Appui scientifique \u00e0 la promotion de l\u2019aquaculture<\/i><\/b><\/span><\/h4>\n<h4 style=\"text-align: justify;\"><span style=\"color: #000000;\"><b><i><span style=\"font-size: 14pt;\"><span style=\"font-weight: 400;\"><img loading=\"lazy\" decoding=\"async\" class=\" wp-image-4413 alignright\" src=\"https:\/\/isracrodt.sn\/wp-content\/uploads\/2025\/08\/serre-crodt-ird-300x236.jpg\" alt=\"\" width=\"252\" height=\"198\" srcset=\"https:\/\/isracrodt.sn\/wp-content\/uploads\/2025\/08\/serre-crodt-ird-300x236.jpg 300w, https:\/\/isracrodt.sn\/wp-content\/uploads\/2025\/08\/serre-crodt-ird-1024x805.jpg 1024w, https:\/\/isracrodt.sn\/wp-content\/uploads\/2025\/08\/serre-crodt-ird-768x604.jpg 768w, https:\/\/isracrodt.sn\/wp-content\/uploads\/2025\/08\/serre-crodt-ird.jpg 1133w\" sizes=\"(max-width: 252px) 100vw, 252px\" \/><\/span><\/span><\/i><\/b><\/span><\/h4>\n<p style=\"text-align: justify;\"><span style=\"color: #000000;\"><span style=\"font-weight: 400;\"><span style=\"font-size: 14pt;\">*Am\u00e9lioration de l\u2019exploitation et de la culture du <\/span><\/span><span style=\"font-size: 14pt;\"><i><span style=\"font-weight: 400;\">Meristhoteca senegalensis<\/span><\/i><span style=\"font-weight: 400;\">, une bonne source d\u2019iode et de\u00a0 \u00a0 \u00a0<\/span><\/span><\/span><span style=\"color: #000000;\"><span style=\"font-size: 14pt;\"><span style=\"font-weight: 400;\">carragh\u00e9nane au S\u00e9n\u00e9gal\u00a0\u00a0<\/span><\/span><\/span><\/p>\n<p style=\"text-align: justify;\"><span style=\"font-weight: 400; font-size: 14pt; color: #000000;\">*Accroissement de la production aquacole \u00e0 travers la formulation d&#8217;aliments piscicoles de qualit\u00e9<\/span><\/p>\n<p style=\"text-align: justify;\"><span style=\"font-weight: 400; font-size: 14pt; color: #000000;\">*Am\u00e9lioration de la production en masse d\u2019alevins de qualit\u00e9 (Tilapias et de Clarias)<\/span><\/p>\n<p style=\"text-align: justify;\"><span style=\"font-size: 14pt; color: #000000;\"><span style=\"font-weight: 400;\">*\u00c9cologie, reproduction et hybridation d\u2019<\/span><i><span style=\"font-weight: 400;\">Heterobranchus longifilis<\/span><\/i><span style=\"font-weight: 400;\"> : \u00e9tude in situ (fleuve S\u00e9n\u00e9gal\/lac de Guiers) et\u00a0 \u00a0 \u00a0 \u00a0 \u00a0 \u00a0 \u00a0 \u00a0 \u00a0 \u00a0 \u00a0 \u00a0 \u00a0 \u00a0 \u00a0 \u00a0 \u00a0 \u00a0 \u00a0 \u00a0 \u00a0 \u00a0 \u00a0 \u00a0 \u00a0 \u00a0 \u00a0 \u00a0exp\u00e9rimentations en milieu contr\u00f4l\u00e9<\/span><\/span><\/p>\n<p>&nbsp;<\/p>\n<h4 style=\"text-align: justify;\"><span style=\"color: #000000;\"><b><i>Th\u00e8me 3: D\u00e9veloppement de produits \u00e0 forte valeur ajout\u00e9e<\/i><\/b><\/span><\/h4>\n","protected":false},"excerpt":{"rendered":"<p>Le CRODT dispose de deux\u00a0 Programmes de recherche : &nbsp; Programme 1:\u00a0 \u00a0 Gestion Durable des Ecosyst\u00e8mes et des Ressources (GEDER) avec trois (3) \u00a0th\u00e9matiques &nbsp; Th\u00e8me 1: Pr\u00e9servation des [&hellip;]<\/p>\n","protected":false},"author":1,"featured_media":0,"parent":0,"menu_order":0,"comment_status":"closed","ping_status":"closed","template":"","meta":{"om_disable_all_campaigns":false,"_monsterinsights_skip_tracking":false,"_monsterinsights_sitenote_active":false,"_monsterinsights_sitenote_note":"","_monsterinsights_sitenote_category":0,"footnotes":""},"class_list":["post-3650","page","type-page","status-publish","hentry"],"aioseo_notices":[],"_links":{"self":[{"href":"https:\/\/isracrodt.sn\/index.php\/wp-json\/wp\/v2\/pages\/3650","targetHints":{"allow":["GET"]}}],"collection":[{"href":"https:\/\/isracrodt.sn\/index.php\/wp-json\/wp\/v2\/pages"}],"about":[{"href":"https:\/\/isracrodt.sn\/index.php\/wp-json\/wp\/v2\/types\/page"}],"author":[{"embeddable":true,"href":"https:\/\/isracrodt.sn\/index.php\/wp-json\/wp\/v2\/users\/1"}],"replies":[{"embeddable":true,"href":"https:\/\/isracrodt.sn\/index.php\/wp-json\/wp\/v2\/comments?post=3650"}],"version-history":[{"count":18,"href":"https:\/\/isracrodt.sn\/index.php\/wp-json\/wp\/v2\/pages\/3650\/revisions"}],"predecessor-version":[{"id":4529,"href":"https:\/\/isracrodt.sn\/index.php\/wp-json\/wp\/v2\/pages\/3650\/revisions\/4529"}],"wp:attachment":[{"href":"https:\/\/isracrodt.sn\/index.php\/wp-json\/wp\/v2\/media?parent=3650"}],"curies":[{"name":"wp","href":"https:\/\/api.w.org\/{rel}","templated":true}]}}