{"id":3478,"date":"2021-05-31T07:08:51","date_gmt":"2021-05-31T07:08:51","guid":{"rendered":"https:\/\/isracrodt.sn?page_id=1901"},"modified":"2025-10-30T14:08:59","modified_gmt":"2025-10-30T13:08:59","slug":"sommaire","status":"publish","type":"page","link":"https:\/\/isracrodt.sn\/index.php\/sommaire\/","title":{"rendered":"Recherches et Formations"},"content":{"rendered":"\t\t<div data-elementor-type=\"wp-page\" data-elementor-id=\"3478\" class=\"elementor elementor-3478\">\n\t\t\t\t<div class=\"elementor-element elementor-element-4373609 e-flex e-con-boxed e-con e-parent\" data-id=\"4373609\" data-element_type=\"container\" data-e-type=\"container\">\n\t\t\t\t\t<div class=\"e-con-inner\">\n\t\t\t\t<div class=\"elementor-element elementor-element-a4b695e elementor-widget__width-auto elementor-widget elementor-widget-laborex_testimonial\" data-id=\"a4b695e\" data-element_type=\"widget\" data-e-type=\"widget\" data-widget_type=\"laborex_testimonial.default\">\n\t\t\t\t<div class=\"elementor-widget-container\">\n\t\t\t\t\t\r\n\t\t\t\t\t<!-- testimonial-style-two -->\r\n\t\t\t<section class=\"testimonial-style-two sec-pad\">\r\n\t\t\t\t<div class=\"auto-container\">\r\n\t\t\t\t\t<div class=\"sec-title centred\">\r\n\t\t\t\t\t\t<h6>Recherches et Formations<\/h6>\r\n\t\t\t\t\t\t<h2><\/h2>\r\n\t\t\t\t\t<\/div>\r\n\t\t\t\t\t<div class=\"row clearfix\">\r\n\t\t\t\t\t\t\t\t\t\t\t\t\t<div class=\"col-lg-6 col-md-6 col-sm-12 testimonial-block\">\r\n\t\t\t\t\t\t\t\t<div class=\"content_block_3\">\r\n\t\t\t\t\t\t\t\t\t<div class=\"content-box\">\r\n\t\t\t\t\t\t\t\t\t\t<ul class=\"rating clearfix\">\r\n\t\t\t\t\t\t\t\t\t\t\t\n                             \n\t\t\t\t\t\t\t\t\t\t<\/ul>\r\n\t\t\t\t\t\t\t\t\t\t<div class=\"text\">\r\n\t\t\t\t\t\t\t\t\t\t\t<p><\/p>\r\n\t\t\t\t\t\t\t\t\t\t<\/div>\r\n\t\t\t\t\t\t\t\t\t\t<div class=\"author-box\">\r\n\t\t\t\t\t\t\t\t\t\t\t<figure class=\"author-thumb\">\r\n\t\t\t\t\t\t\t\t\t\t\t\t<img fetchpriority=\"high\" decoding=\"async\" width=\"1536\" height=\"2048\" src=\"https:\/\/isracrodt.sn\/wp-content\/uploads\/2025\/08\/labo-plancton.jpg\" class=\"attachment-full size-full\" alt=\"\" srcset=\"https:\/\/isracrodt.sn\/wp-content\/uploads\/2025\/08\/labo-plancton.jpg 1536w, https:\/\/isracrodt.sn\/wp-content\/uploads\/2025\/08\/labo-plancton-225x300.jpg 225w, https:\/\/isracrodt.sn\/wp-content\/uploads\/2025\/08\/labo-plancton-768x1024.jpg 768w, https:\/\/isracrodt.sn\/wp-content\/uploads\/2025\/08\/labo-plancton-1152x1536.jpg 1152w\" sizes=\"(max-width: 1536px) 100vw, 1536px\" \/>\t\t\t\t\t\t\t\t\t\t\t<\/figure>\r\n\t\t\t\t\t\t\t\t\t\t\t<h4>RECHERCHES<\/h4>\r\n\t\t\t\t\t\t\t\t\t\t\t<span class=\"designation\">Le CRODT dispose de deux  Programmes de recherche :  Programme 1:    Gestion Durable des Ecosyst\u00e8mes et des Ressources (GEDER) avec trois 3 th\u00e9matiques  Programme 2: Dynamique des Syst\u00e8mes d\u2019Exploitation (DSE)<\/span>\r\n\t\t\t\t\t\t\t\t\t\t<\/div>\r\n\t\t\t\t\t\t\t\t\t<\/div>\r\n\t\t\t\t\t\t\t\t<\/div>\r\n\t\t\t\t\t\t\t<\/div>\r\n\t\t\t\t\t\t\t\t\t\t\t\t\t<div class=\"col-lg-6 col-md-6 col-sm-12 testimonial-block\">\r\n\t\t\t\t\t\t\t\t<div class=\"content_block_3\">\r\n\t\t\t\t\t\t\t\t\t<div class=\"content-box\">\r\n\t\t\t\t\t\t\t\t\t\t<ul class=\"rating clearfix\">\r\n\t\t\t\t\t\t\t\t\t\t\t\t\t\t\t\t\t\t\t\t\t<\/ul>\r\n\t\t\t\t\t\t\t\t\t\t<div class=\"text\">\r\n\t\t\t\t\t\t\t\t\t\t\t<p><\/p>\r\n\t\t\t\t\t\t\t\t\t\t<\/div>\r\n\t\t\t\t\t\t\t\t\t\t<div class=\"author-box\">\r\n\t\t\t\t\t\t\t\t\t\t\t<figure class=\"author-thumb\">\r\n\t\t\t\t\t\t\t\t\t\t\t\t<img decoding=\"async\" width=\"2560\" height=\"1920\" src=\"https:\/\/isracrodt.sn\/wp-content\/uploads\/2025\/06\/expot-waly-en-plage-scaled.jpg\" class=\"attachment-full size-full\" alt=\"\" srcset=\"https:\/\/isracrodt.sn\/wp-content\/uploads\/2025\/06\/expot-waly-en-plage-scaled.jpg 2560w, https:\/\/isracrodt.sn\/wp-content\/uploads\/2025\/06\/expot-waly-en-plage-300x225.jpg 300w, https:\/\/isracrodt.sn\/wp-content\/uploads\/2025\/06\/expot-waly-en-plage-1024x768.jpg 1024w, https:\/\/isracrodt.sn\/wp-content\/uploads\/2025\/06\/expot-waly-en-plage-768x576.jpg 768w, https:\/\/isracrodt.sn\/wp-content\/uploads\/2025\/06\/expot-waly-en-plage-1536x1152.jpg 1536w, https:\/\/isracrodt.sn\/wp-content\/uploads\/2025\/06\/expot-waly-en-plage-2048x1536.jpg 2048w\" sizes=\"(max-width: 2560px) 100vw, 2560px\" \/>\t\t\t\t\t\t\t\t\t\t\t<\/figure>\r\n\t\t\t\t\t\t\t\t\t\t\t<h4>FORMATIONS<\/h4>\r\n\t\t\t\t\t\t\t\t\t\t\t<span class=\"designation\">Les chercheurs du centre dispensent un certain nombre de modules d\u2019enseignements au niveau des universit\u00e9s (UCAD, UGB, IUPA) et centres de formation (CNFTPA, EMAN). Ces modules concernent notamment l\u2019oc\u00e9anographie physique, la bio-\u00e9cologie marine, la dynamique des populations marines exploit\u00e9es, l\u2019\u00e9cologie halieutique, l\u2019approche \u00e9cosyst\u00e9mique des P\u00eaches, l\u2019\u00e9valuation des ressources halieutiques, l\u2019am\u00e9nagement et la gestion des p\u00eaches et la socio-\u00e9conomie des p\u00eaches.<\/span>\r\n\t\t\t\t\t\t\t\t\t\t<\/div>\r\n\t\t\t\t\t\t\t\t\t<\/div>\r\n\t\t\t\t\t\t\t\t<\/div>\r\n\t\t\t\t\t\t\t<\/div>\r\n\t\t\t\t\t\t\t\t\t\t\t<\/div>\r\n\t\t\t\t<\/div>\r\n\t\t\t<\/section>\r\n\t\t\t<!-- testimonial-style-two -->\r\n\t\t\t\t\t\t<\/div>\n\t\t\t\t<\/div>\n\t\t\t\t\t<\/div>\n\t\t\t\t<\/div>\n\t\t\t\t<\/div>\n\t\t","protected":false},"excerpt":{"rendered":"<p>Recherches et Formations RECHERCHES Le CRODT dispose de deux Programmes de recherche : Programme 1: Gestion Durable des Ecosyst\u00e8mes et des Ressources (GEDER) avec trois 3 th\u00e9matiques Programme 2: Dynamique [&hellip;]<\/p>\n","protected":false},"author":1,"featured_media":0,"parent":0,"menu_order":0,"comment_status":"closed","ping_status":"closed","template":"","meta":{"om_disable_all_campaigns":false,"_monsterinsights_skip_tracking":false,"_monsterinsights_sitenote_active":false,"_monsterinsights_sitenote_note":"","_monsterinsights_sitenote_category":0,"footnotes":""},"class_list":["post-3478","page","type-page","status-publish","hentry"],"aioseo_notices":[],"_links":{"self":[{"href":"https:\/\/isracrodt.sn\/index.php\/wp-json\/wp\/v2\/pages\/3478","targetHints":{"allow":["GET"]}}],"collection":[{"href":"https:\/\/isracrodt.sn\/index.php\/wp-json\/wp\/v2\/pages"}],"about":[{"href":"https:\/\/isracrodt.sn\/index.php\/wp-json\/wp\/v2\/types\/page"}],"author":[{"embeddable":true,"href":"https:\/\/isracrodt.sn\/index.php\/wp-json\/wp\/v2\/users\/1"}],"replies":[{"embeddable":true,"href":"https:\/\/isracrodt.sn\/index.php\/wp-json\/wp\/v2\/comments?post=3478"}],"version-history":[{"count":11,"href":"https:\/\/isracrodt.sn\/index.php\/wp-json\/wp\/v2\/pages\/3478\/revisions"}],"predecessor-version":[{"id":5162,"href":"https:\/\/isracrodt.sn\/index.php\/wp-json\/wp\/v2\/pages\/3478\/revisions\/5162"}],"wp:attachment":[{"href":"https:\/\/isracrodt.sn\/index.php\/wp-json\/wp\/v2\/media?parent=3478"}],"curies":[{"name":"wp","href":"https:\/\/api.w.org\/{rel}","templated":true}]}}